{"id":35,"date":"2024-12-01T22:28:33","date_gmt":"2024-12-01T22:28:33","guid":{"rendered":"https:\/\/cedricjobin.art\/?page_id=35"},"modified":"2024-12-04T03:15:44","modified_gmt":"2024-12-04T03:15:44","slug":"contact-me","status":"publish","type":"page","link":"https:\/\/cedricjobin.art\/?page_id=35","title":{"rendered":"Me Contacter"},"content":{"rendered":"\n<div class=\"wp-block-group is-nowrap is-layout-flex wp-container-core-group-is-layout-6c531013 wp-block-group-is-layout-flex\">\n<figure class=\"wp-block-image size-full\"><img loading=\"lazy\" decoding=\"async\" width=\"879\" height=\"518\" src=\"https:\/\/cedricjobin.art\/wp-content\/uploads\/2024\/12\/pourmecontacter.png\" alt=\"\" class=\"wp-image-163\" srcset=\"https:\/\/cedricjobin.art\/wp-content\/uploads\/2024\/12\/pourmecontacter.png 879w, https:\/\/cedricjobin.art\/wp-content\/uploads\/2024\/12\/pourmecontacter-300x177.png 300w, https:\/\/cedricjobin.art\/wp-content\/uploads\/2024\/12\/pourmecontacter-768x453.png 768w\" sizes=\"auto, (max-width: 879px) 100vw, 879px\" \/><\/figure>\n<\/div>\n\n\n\n<p>Je serais ravi de discuter de collaborations ou de projets avec vous! N&#8217;h\u00e9sitez pas \u00e0 me joindre par t\u00e9l\u00e9phone ou par courriel pour \u00e9changer des id\u00e9es.<\/p>\n","protected":false},"excerpt":{"rendered":"<p>Je serais ravi de discuter de collaborations ou de projets avec vous! N&#8217;h\u00e9sitez pas \u00e0 me joindre par t\u00e9l\u00e9phone ou par courriel pour \u00e9changer des id\u00e9es.<\/p>\n","protected":false},"author":1,"featured_media":0,"parent":0,"menu_order":0,"comment_status":"closed","ping_status":"closed","template":"","meta":{"footnotes":""},"class_list":["post-35","page","type-page","status-publish","hentry"],"yoast_head":"<!-- This site is optimized with the Yoast SEO plugin v24.0 - https:\/\/yoast.com\/wordpress\/plugins\/seo\/ -->\n<title>Me Contacter - Jobin Art<\/title>\n<meta name=\"robots\" content=\"index, follow, max-snippet:-1, max-image-preview:large, max-video-preview:-1\" \/>\n<link rel=\"canonical\" href=\"http:\/\/cedricjobin.art\/?page_id=35\" \/>\n<meta property=\"og:locale\" content=\"en_US\" \/>\n<meta property=\"og:type\" content=\"article\" \/>\n<meta property=\"og:title\" content=\"Me Contacter - Jobin Art\" \/>\n<meta property=\"og:description\" content=\"Je serais ravi de discuter de collaborations ou de projets avec vous! N&#8217;h\u00e9sitez pas \u00e0 me joindre par t\u00e9l\u00e9phone ou par courriel pour \u00e9changer des id\u00e9es.\" \/>\n<meta property=\"og:url\" content=\"http:\/\/cedricjobin.art\/?page_id=35\" \/>\n<meta property=\"og:site_name\" content=\"Jobin Art\" \/>\n<meta property=\"article:modified_time\" content=\"2024-12-04T03:15:44+00:00\" \/>\n<meta property=\"og:image\" content=\"https:\/\/cedricjobin.art\/wp-content\/uploads\/2024\/12\/pourmecontacter.png\" \/>\n\t<meta property=\"og:image:width\" content=\"879\" \/>\n\t<meta property=\"og:image:height\" content=\"518\" \/>\n\t<meta property=\"og:image:type\" content=\"image\/png\" \/>\n<meta name=\"twitter:card\" content=\"summary_large_image\" \/>\n<script type=\"application\/ld+json\" class=\"yoast-schema-graph\">{\"@context\":\"https:\/\/schema.org\",\"@graph\":[{\"@type\":\"WebPage\",\"@id\":\"http:\/\/cedricjobin.art\/?page_id=35\",\"url\":\"http:\/\/cedricjobin.art\/?page_id=35\",\"name\":\"Me Contacter - Jobin Art\",\"isPartOf\":{\"@id\":\"http:\/\/cedricjobin.art\/#website\"},\"primaryImageOfPage\":{\"@id\":\"http:\/\/cedricjobin.art\/?page_id=35#primaryimage\"},\"image\":{\"@id\":\"http:\/\/cedricjobin.art\/?page_id=35#primaryimage\"},\"thumbnailUrl\":\"https:\/\/cedricjobin.art\/wp-content\/uploads\/2024\/12\/pourmecontacter.png\",\"datePublished\":\"2024-12-01T22:28:33+00:00\",\"dateModified\":\"2024-12-04T03:15:44+00:00\",\"breadcrumb\":{\"@id\":\"http:\/\/cedricjobin.art\/?page_id=35#breadcrumb\"},\"inLanguage\":\"en-US\",\"potentialAction\":[{\"@type\":\"ReadAction\",\"target\":[\"http:\/\/cedricjobin.art\/?page_id=35\"]}]},{\"@type\":\"ImageObject\",\"inLanguage\":\"en-US\",\"@id\":\"http:\/\/cedricjobin.art\/?page_id=35#primaryimage\",\"url\":\"https:\/\/cedricjobin.art\/wp-content\/uploads\/2024\/12\/pourmecontacter.png\",\"contentUrl\":\"https:\/\/cedricjobin.art\/wp-content\/uploads\/2024\/12\/pourmecontacter.png\",\"width\":879,\"height\":518},{\"@type\":\"BreadcrumbList\",\"@id\":\"http:\/\/cedricjobin.art\/?page_id=35#breadcrumb\",\"itemListElement\":[{\"@type\":\"ListItem\",\"position\":1,\"name\":\"Home\",\"item\":\"http:\/\/cedricjobin.art\/\"},{\"@type\":\"ListItem\",\"position\":2,\"name\":\"Me Contacter\"}]},{\"@type\":\"WebSite\",\"@id\":\"http:\/\/cedricjobin.art\/#website\",\"url\":\"http:\/\/cedricjobin.art\/\",\"name\":\"Jobin Art\",\"description\":\"\",\"publisher\":{\"@id\":\"http:\/\/cedricjobin.art\/#organization\"},\"potentialAction\":[{\"@type\":\"SearchAction\",\"target\":{\"@type\":\"EntryPoint\",\"urlTemplate\":\"http:\/\/cedricjobin.art\/?s={search_term_string}\"},\"query-input\":{\"@type\":\"PropertyValueSpecification\",\"valueRequired\":true,\"valueName\":\"search_term_string\"}}],\"inLanguage\":\"en-US\"},{\"@type\":\"Organization\",\"@id\":\"http:\/\/cedricjobin.art\/#organization\",\"name\":\"Jobin Art\",\"url\":\"http:\/\/cedricjobin.art\/\",\"logo\":{\"@type\":\"ImageObject\",\"inLanguage\":\"en-US\",\"@id\":\"http:\/\/cedricjobin.art\/#\/schema\/logo\/image\/\",\"url\":\"https:\/\/cedricjobin.art\/wp-content\/uploads\/2024\/12\/rat.png\",\"contentUrl\":\"https:\/\/cedricjobin.art\/wp-content\/uploads\/2024\/12\/rat.png\",\"width\":406,\"height\":446,\"caption\":\"Jobin Art\"},\"image\":{\"@id\":\"http:\/\/cedricjobin.art\/#\/schema\/logo\/image\/\"}}]}<\/script>\n<!-- \/ Yoast SEO plugin. -->","yoast_head_json":{"title":"Me Contacter - Jobin Art","robots":{"index":"index","follow":"follow","max-snippet":"max-snippet:-1","max-image-preview":"max-image-preview:large","max-video-preview":"max-video-preview:-1"},"canonical":"http:\/\/cedricjobin.art\/?page_id=35","og_locale":"en_US","og_type":"article","og_title":"Me Contacter - Jobin Art","og_description":"Je serais ravi de discuter de collaborations ou de projets avec vous! N&#8217;h\u00e9sitez pas \u00e0 me joindre par t\u00e9l\u00e9phone ou par courriel pour \u00e9changer des id\u00e9es.","og_url":"http:\/\/cedricjobin.art\/?page_id=35","og_site_name":"Jobin Art","article_modified_time":"2024-12-04T03:15:44+00:00","og_image":[{"width":879,"height":518,"url":"https:\/\/cedricjobin.art\/wp-content\/uploads\/2024\/12\/pourmecontacter.png","type":"image\/png"}],"twitter_card":"summary_large_image","schema":{"@context":"https:\/\/schema.org","@graph":[{"@type":"WebPage","@id":"http:\/\/cedricjobin.art\/?page_id=35","url":"http:\/\/cedricjobin.art\/?page_id=35","name":"Me Contacter - Jobin Art","isPartOf":{"@id":"http:\/\/cedricjobin.art\/#website"},"primaryImageOfPage":{"@id":"http:\/\/cedricjobin.art\/?page_id=35#primaryimage"},"image":{"@id":"http:\/\/cedricjobin.art\/?page_id=35#primaryimage"},"thumbnailUrl":"https:\/\/cedricjobin.art\/wp-content\/uploads\/2024\/12\/pourmecontacter.png","datePublished":"2024-12-01T22:28:33+00:00","dateModified":"2024-12-04T03:15:44+00:00","breadcrumb":{"@id":"http:\/\/cedricjobin.art\/?page_id=35#breadcrumb"},"inLanguage":"en-US","potentialAction":[{"@type":"ReadAction","target":["http:\/\/cedricjobin.art\/?page_id=35"]}]},{"@type":"ImageObject","inLanguage":"en-US","@id":"http:\/\/cedricjobin.art\/?page_id=35#primaryimage","url":"https:\/\/cedricjobin.art\/wp-content\/uploads\/2024\/12\/pourmecontacter.png","contentUrl":"https:\/\/cedricjobin.art\/wp-content\/uploads\/2024\/12\/pourmecontacter.png","width":879,"height":518},{"@type":"BreadcrumbList","@id":"http:\/\/cedricjobin.art\/?page_id=35#breadcrumb","itemListElement":[{"@type":"ListItem","position":1,"name":"Home","item":"http:\/\/cedricjobin.art\/"},{"@type":"ListItem","position":2,"name":"Me Contacter"}]},{"@type":"WebSite","@id":"http:\/\/cedricjobin.art\/#website","url":"http:\/\/cedricjobin.art\/","name":"Jobin Art","description":"","publisher":{"@id":"http:\/\/cedricjobin.art\/#organization"},"potentialAction":[{"@type":"SearchAction","target":{"@type":"EntryPoint","urlTemplate":"http:\/\/cedricjobin.art\/?s={search_term_string}"},"query-input":{"@type":"PropertyValueSpecification","valueRequired":true,"valueName":"search_term_string"}}],"inLanguage":"en-US"},{"@type":"Organization","@id":"http:\/\/cedricjobin.art\/#organization","name":"Jobin Art","url":"http:\/\/cedricjobin.art\/","logo":{"@type":"ImageObject","inLanguage":"en-US","@id":"http:\/\/cedricjobin.art\/#\/schema\/logo\/image\/","url":"https:\/\/cedricjobin.art\/wp-content\/uploads\/2024\/12\/rat.png","contentUrl":"https:\/\/cedricjobin.art\/wp-content\/uploads\/2024\/12\/rat.png","width":406,"height":446,"caption":"Jobin Art"},"image":{"@id":"http:\/\/cedricjobin.art\/#\/schema\/logo\/image\/"}}]}},"_links":{"self":[{"href":"https:\/\/cedricjobin.art\/index.php?rest_route=\/wp\/v2\/pages\/35","targetHints":{"allow":["GET"]}}],"collection":[{"href":"https:\/\/cedricjobin.art\/index.php?rest_route=\/wp\/v2\/pages"}],"about":[{"href":"https:\/\/cedricjobin.art\/index.php?rest_route=\/wp\/v2\/types\/page"}],"author":[{"embeddable":true,"href":"https:\/\/cedricjobin.art\/index.php?rest_route=\/wp\/v2\/users\/1"}],"replies":[{"embeddable":true,"href":"https:\/\/cedricjobin.art\/index.php?rest_route=%2Fwp%2Fv2%2Fcomments&post=35"}],"version-history":[{"count":5,"href":"https:\/\/cedricjobin.art\/index.php?rest_route=\/wp\/v2\/pages\/35\/revisions"}],"predecessor-version":[{"id":166,"href":"https:\/\/cedricjobin.art\/index.php?rest_route=\/wp\/v2\/pages\/35\/revisions\/166"}],"wp:attachment":[{"href":"https:\/\/cedricjobin.art\/index.php?rest_route=%2Fwp%2Fv2%2Fmedia&parent=35"}],"curies":[{"name":"wp","href":"https:\/\/api.w.org\/{rel}","templated":true}]}}